{"id":8,"date":"2009-07-15T02:46:47","date_gmt":"2009-07-14T23:46:47","guid":{"rendered":"http:\/\/ramuuns.id.lv\/blog\/?page_id=8"},"modified":"2014-06-18T01:25:58","modified_gmt":"2014-06-17T22:25:58","slug":"portfolio","status":"publish","type":"page","link":"https:\/\/ramuuns.com\/blog\/portfolio\/","title":{"rendered":"Portfolio"},"content":{"rendered":"<p>Sev par laimi, vai nelaimi, pamatdarbs tom\u0113r ir da\u017eneda\u017e\u0101du weblapu kod\u0113\u0161ana l\u012bdz ar to te ir neliels saraksti\u0146\u0161 ar lap\u0101m, kur\u0101m esmu \u0161o, vai to dar\u012bjis, in no particular order:<\/p>\n<ul>\n<li><a href=\"http:\/\/villas.com\">Villas.com<\/a>\u00a0&#8211; str\u0101d\u0101jot <a href=\"http:\/\/booking.com\">buking\u0101<\/a> mani nolika str\u0101d\u0101t pie \u0161\u012b te br\u012bnuma rad\u012b\u0161anas, tad nu j\u016btos pielicis roku pie visiem klienta puses darbiem, kas ir nepiecie\u0161ami \u0161\u012b te\u00a0izveidei.<\/li>\n<li><a href=\"http:\/\/video.leta.lv\">Leta Video<\/a> (php, html, javaskript, css, pat flash pleijerim sourci esmu aizticis)<\/li>\n<li><a href=\"http:\/\/cosmo.lv\">COSMO.lv<\/a> Projekts, kuru s\u0101kum\u0101 tais\u012bju es, tad ne es, tagad ik pa br\u012bdim atkal es.<\/li>\n<li>RP Diena port\u0101li (piem. <a href=\"http:\/\/www.zz.lv\">www.zz.lv<\/a>) Devi\u0146i port\u0101li, php; html,css (jaunais dizains); javaskripts.<\/li>\n<li><a href=\"http:\/\/enkurs.org\">Enkurs<\/a> Kop\u0161 skaipa izgudro\u0161anas gan \u0161\u012bs lapas apmekl\u0113jums\/nepiecie\u0161am\u012bba ir smagi nokrities.<\/li>\n<li><a href=\"http:\/\/www.korejasauto.lv\">Korejas auto<\/a> &#8211; wp projekti\u0146\u0161<\/li>\n<li><a href=\"http:\/\/www.tweetwithstyle.com\" target=\"_blank\">tweetwithstyle.com<\/a> &#8211; v\u0113lviens WP projekti\u0146\u0161<\/li>\n<li><a href=\"http:\/\/efumotype.lv\">efumo type<\/a> &#8211; WP? Yes it is.<\/li>\n<li><a href=\"http:\/\/www.eamf.lv\">eamf.lv<\/a> &#8211; uzturam, uzlabojam un v\u0113lsazinko<\/li>\n<li><a href=\"http:\/\/www.dkveikals.lv\">dkveikals.lv<\/a> &#8211; kaut k\u0101da furnit\u016bras bode<\/li>\n<li><a href=\"http:\/\/www.vni.lv\">vn\u012b<\/a> &#8211; man ir aizdomas, ka norm\u0101los sludin\u0101jumu kantoros tie sludin\u0101jumi ir vienk\u0101r\u0161\u0101ki, k\u0101 \u0161eit<\/li>\n<li><a href=\"http:\/\/vugd.gov.lv\">vugd<\/a>\u00a0&#8211; ugunsdz\u0113s\u0113ji<\/li>\n<li><a title=\"Uzzini visu par to, kur l\u012bst lietus baltijas re\u0123ion\u0101\" href=\"http:\/\/balticra.in\">balticra.in<\/a> &#8211; \u0160itais bija k\u0101 sveiciens LV\u0122MC<\/li>\n<\/ul>\n<p>Tas NAV viss, man tikai apnika uzskait\u012bt. V\u0113l jau ir vesels l\u0113rums ar lap\u0101m, kur\u0101m tiek veikti vis\u0101di tur SEO, uztur\u0113\u0161anas, bagfiksi utml.<\/p>\n<p>Vop\u0161em sve\u0161u php kodu las\u012bt esmu iem\u0101c\u012bjies.<\/p>\n<p>K\u0101du br\u012bdi\u00a0darbojos ar to, ka <a href=\"http:\/\/mightyfingers.com\">rakst\u012bju js priek\u0161 \u013coti m\u016bsdien\u012bgajiem soci\u0101lajiem geimiem<\/a>.<\/p>\n<p>K\u0101 ar\u012b v\u0113l taisu <a title=\"awesome WP7 apps\" href=\"http:\/\/advanced-script-development.com\">da\u017eas telefonaplik\u0101cijas<\/a><\/p>\n<p>\u0160obr\u012bd darbojos booking.com, kur nodarbojos ar klientpuses liet\u0101m.<\/p>\n","protected":false},"excerpt":{"rendered":"<p>Sev par laimi, vai nelaimi, pamatdarbs tom\u0113r ir da\u017eneda\u017e\u0101du weblapu kod\u0113\u0161ana l\u012bdz ar to te ir neliels saraksti\u0146\u0161 ar lap\u0101m, kur\u0101m esmu \u0161o, vai to dar\u012bjis, in no particular order: Villas.com\u00a0&#8211; str\u0101d\u0101jot buking\u0101 mani nolika str\u0101d\u0101t pie \u0161\u012b te br\u012bnuma rad\u012b\u0161anas, tad nu j\u016btos pielicis roku pie visiem klienta puses darbiem, kas ir nepiecie\u0161ami \u0161\u012b [&hellip;]<\/p>\n","protected":false},"author":1,"featured_media":0,"parent":0,"menu_order":0,"comment_status":"open","ping_status":"open","template":"","meta":[],"_links":{"self":[{"href":"https:\/\/ramuuns.com\/blog\/wp-json\/wp\/v2\/pages\/8"}],"collection":[{"href":"https:\/\/ramuuns.com\/blog\/wp-json\/wp\/v2\/pages"}],"about":[{"href":"https:\/\/ramuuns.com\/blog\/wp-json\/wp\/v2\/types\/page"}],"author":[{"embeddable":true,"href":"https:\/\/ramuuns.com\/blog\/wp-json\/wp\/v2\/users\/1"}],"replies":[{"embeddable":true,"href":"https:\/\/ramuuns.com\/blog\/wp-json\/wp\/v2\/comments?post=8"}],"version-history":[{"count":20,"href":"https:\/\/ramuuns.com\/blog\/wp-json\/wp\/v2\/pages\/8\/revisions"}],"predecessor-version":[{"id":649,"href":"https:\/\/ramuuns.com\/blog\/wp-json\/wp\/v2\/pages\/8\/revisions\/649"}],"wp:attachment":[{"href":"https:\/\/ramuuns.com\/blog\/wp-json\/wp\/v2\/media?parent=8"}],"curies":[{"name":"wp","href":"https:\/\/api.w.org\/{rel}","templated":true}]}}